{"id":108,"date":"2022-03-14T19:29:51","date_gmt":"2022-03-14T19:29:51","guid":{"rendered":"https:\/\/lonehansenkofoed.dk\/?page_id=108"},"modified":"2022-05-28T10:29:23","modified_gmt":"2022-05-28T10:29:23","slug":"essentielle-olier-2","status":"publish","type":"page","link":"https:\/\/lonehansenkofoed.dk\/index.php\/essentielle-olier-2\/","title":{"rendered":"Essentielle olier"},"content":{"rendered":"\n<p class=\"has-light-green-cyan-background-color has-background has-medium-font-size\">Rosen, der dufter en varm sommeraften v\u00e6kker m\u00e5ske nogle f\u00f8lelser i dig. En skive citron i et glas vand frisker op og g\u00f8r dig m\u00e5ske mere klar i hovedet.Jeg tror p\u00e5, at vi gennem generationer har l\u00e6rt os at forbinde forskellige dufte med forskellige f\u00f8lelser. Den viden sidder m\u00e5ske i vores gener. F\u00f8lecenteret i det limbiske system aktiveres ved en duft og en f\u00f8lelse forst\u00e6rkes eller fader v\u00e6k.Jeg er blevet fuldst\u00e6ndig vild med de essentielle olier. For mig g\u00f8r de noget godt og min viden vil jeg gerne dele med dig.<\/p>\n\n\n\n<p class=\"has-light-green-cyan-background-color has-background has-medium-font-size\">Olierne jeg har valgt at besk\u00e6ftige mig med kommer fra et firma, der hedder Doterra. Deres olier er gennemtestede for renhed og har et h\u00f8jt etisk v\u00e6rdis\u00e6t for deres samarbejdspartnere rundt om i verden.<\/p>\n\n\n\n<p class=\"has-light-green-cyan-background-color has-background has-medium-font-size\">Doterras motto er at \u00e6ndre verden dr\u00e5be for dr\u00e5be. Olierne har fuldst\u00e6ndig unikke egenskaber hvoraf nogle har v\u00e6ret brugt i \u00e5rtusinder. Kroppen genkender olierne, t\u00e6nk p\u00e5 j\u00e6ger og samlesamfundet, hvor kvinderne samlede urter. De vidste nok, hvad der var godt.<\/p>\n\n\n\n<p class=\"has-light-green-cyan-background-color has-background has-medium-font-size\">Jeg bruger de essentielle olier i min egen rejse &#8220;P\u00e5 vej&#8221;. Jeg arbejder med dem til at st\u00f8tte f\u00f8lelser. Jeg bruger olierne b\u00e5de ved flowhealing og energimassagen.<\/p>\n\n\n\n<p class=\"has-light-green-cyan-background-color has-background has-medium-font-size\">Jeg arbejder meget intuitivt med olierne, bagefter l\u00e6ser jeg om dem og mit valg giver altid mening.<\/p>\n\n\n\n<p class=\"has-light-green-cyan-background-color has-background has-medium-font-size\">Jeg kan hj\u00e6lpe dig til at dykke ned i din  P\u00e5 vej, ogs\u00e5 med hj\u00e6lp af de essentielle olier.<\/p>\n\n\n\n<figure class=\"wp-block-image size-full is-resized\"><img loading=\"lazy\" decoding=\"async\" src=\"https:\/\/lonehansenkofoed.dk\/wp-content\/uploads\/2022\/05\/wild-orange.png\" alt=\"\" class=\"wp-image-246\" width=\"186\" height=\"156\" srcset=\"https:\/\/lonehansenkofoed.dk\/wp-content\/uploads\/2022\/05\/wild-orange.png 559w, https:\/\/lonehansenkofoed.dk\/wp-content\/uploads\/2022\/05\/wild-orange-300x251.png 300w\" sizes=\"(max-width: 186px) 100vw, 186px\" \/><figcaption><strong>Wild Orange er uden tvivl en af mine favoritolier. Hvad t\u00e6nker du p\u00e5, n\u00e5r du ser billedet?<\/strong><\/figcaption><\/figure>\n","protected":false},"excerpt":{"rendered":"<p>Rosen, der dufter en varm sommeraften v\u00e6kker m\u00e5ske nogle f\u00f8lelser i dig. En skive citron i et glas vand frisker op og g\u00f8r dig m\u00e5ske mere klar i hovedet.Jeg tror p\u00e5, at vi gennem generationer har l\u00e6rt os at forbinde forskellige dufte med forskellige f\u00f8lelser. Den viden sidder m\u00e5ske i vores gener. F\u00f8lecenteret i det [&hellip;]<\/p>\n","protected":false},"author":1,"featured_media":0,"parent":0,"menu_order":0,"comment_status":"closed","ping_status":"closed","template":"","meta":{"_et_pb_use_builder":"","_et_pb_old_content":"","_et_gb_content_width":"","_mi_skip_tracking":false,"footnotes":""},"class_list":["post-108","page","type-page","status-publish","hentry"],"_links":{"self":[{"href":"https:\/\/lonehansenkofoed.dk\/index.php\/wp-json\/wp\/v2\/pages\/108"}],"collection":[{"href":"https:\/\/lonehansenkofoed.dk\/index.php\/wp-json\/wp\/v2\/pages"}],"about":[{"href":"https:\/\/lonehansenkofoed.dk\/index.php\/wp-json\/wp\/v2\/types\/page"}],"author":[{"embeddable":true,"href":"https:\/\/lonehansenkofoed.dk\/index.php\/wp-json\/wp\/v2\/users\/1"}],"replies":[{"embeddable":true,"href":"https:\/\/lonehansenkofoed.dk\/index.php\/wp-json\/wp\/v2\/comments?post=108"}],"version-history":[{"count":5,"href":"https:\/\/lonehansenkofoed.dk\/index.php\/wp-json\/wp\/v2\/pages\/108\/revisions"}],"predecessor-version":[{"id":259,"href":"https:\/\/lonehansenkofoed.dk\/index.php\/wp-json\/wp\/v2\/pages\/108\/revisions\/259"}],"wp:attachment":[{"href":"https:\/\/lonehansenkofoed.dk\/index.php\/wp-json\/wp\/v2\/media?parent=108"}],"curies":[{"name":"wp","href":"https:\/\/api.w.org\/{rel}","templated":true}]}}